50361
Convert -3975229 (base 12) to base 11.
-6453654
What is -15a85b8 (base 14) in base 13?
-2280729
Convert 1201707 (base 8) to base 2.
1010000001111000111
Convert ae3ef (base 16) to base 12.
2a503b
What is -255316 (base 8) in base 3?
-11111210020
What is -1903 (base 16) in base 12?
-3857
-211101020101220 (base 3) to base 5
-11021040300
-2132110302 (base 4) to base 15
-cc233
a3370c (base 14) to base 8
24774200
46450 (base 7) to base 8
27165
112224114 (base 6) to base 9
3807121
What is -4020077 (base 8) in base 11?
-662016
Convert -3304021 (base 5) to base 4.
-31312321
Convert 234367 (base 12) to base 13.
16b2a1
What is -37a982 (base 11) in base 7?
-5046435
What is -4856 (base 12) in base 10?
-8130
What is -10102102222 (base 4) in base 6?
-40025214
2403507 (base 10) to base 2
1001001010110010110011
What is 1096757 (base 10) in base 6?
35301325
-3bd81 (base 15) to base 3
-100202102211
Convert 120102012122 (base 3) to base 15.
5ed7b
-21204042 (base 5) to base 15
-37dec
Convert -227052 (base 8) to base 4.
-102320222
Convert 195054 (base 14) to base 15.
12ad42
2156853 (base 10) to base 14
40204d
1103336 (base 7) to base 5
13320114
What is -4502225 (base 6) in base 13?
-7bb57
What is -4143265 (base 9) in base 5?
-1031312330
-1bbbb1 (base 12) to base 7
-4141612
What is -644347 (base 9) in base 14?
-9dbc0
Convert -21321646 (base 7) to base 16.
-1bc7d5
20002022022 (base 3) to base 15
25755
What is 23002121010 (base 4) in base 13?
7a3c79
What is -251144 (base 8) in base 15?
-1aa03
-123234230 (base 6) to base 16
-249e6a
Convert -172a46 (base 15) to base 14.
-213292
What is 224113240 (base 5) in base 14?
1c1d63
What is 176c7 (base 16) in base 3?
11212121110
What is -b2b6a1 (base 14) in base 16?
-5beccd
ca48b (base 14) to base 12
1b7223
What is 1001111110100001 (base 2) in base 10?
40865
-123112003323 (base 4) to base 8
-33260373
What is -15c666 (base 15) in base 3?
-1222120102120
What is 109880 (base 11) in base 16?
2a806
What is -1157709 (base 10) in base 16?
-11aa4d
-1110100000000110 (base 2) to base 13
-21061
Convert 202020122202 (base 3) to base 11.
252455
What is 100011101010101111 (base 2) in base 14?
3b355
Convert 100541 (base 6) to base 11.
5aa6
What is 21122100120 (base 3) in base 6?
3120240
-1773530 (base 8) to base 9
-875130
1010433 (base 5) to base 10
16368
Convert -1000550 (base 8) to base 14.
-6b944
What is 4604650 (base 12) in base 5?
11420213024
What is -41144532 (base 6) in base 15?
-184b4e
What is -11cb17 (base 13) in base 12?
-1878a9
-213310214 (base 5) to base 16
-dfb55
11667a (base 15) to base 5
203103330
What is 10101110111101000100011 (base 2) in base 13?
1259563
Convert -5a9485 (base 12) to base 14.
-2a2c73
-1466120 (base 9) to base 6
-25220500
Convert -3d67d (base 15) to base 16.
-30262
Convert 1c9840 (base 16) to base 4.
13021201000
4c7152 (base 13) to base 8
7020477
86087 (base 10) to base 11
59751
Convert -11101221221 (base 3) to base 13.
-3061c
82ba00 (base 12) to base 11
1182149
What is -15521401 (base 6) in base 10?
-555049
-3344031 (base 5) to base 8
-163602
-14223515 (base 6) to base 5
-111014133
-2023431 (base 5) to base 10
-32991
What is -40423211 (base 5) in base 9?
-547108
Convert 1626025 (base 8) to base 10.
470037
-122133110 (base 4) to base 11
-74577
Convert a815ab (base 12) to base 14.
4d2307
24bc0 (base 14) to base 9
146566
What is -1011100110101101111 (base 2) in base 12?
-164093
What is 2a899 (base 14) in base 9?
171330
Convert -1044411 (base 8) to base 12.
-116635
What is -25062 (base 7) in base 14?
-2569
What is 31626526 (base 7) in base 9?
5058487
Convert -ac4571 (base 13) to base 15.
-55485c
-100000001110100010010 (base 2) to base 3
-1222122120210
What is 5b4ed (base 15) in base 2?
1000111001000101101
What is 1402155 (base 6) in base 5?
10001023
Convert -59090 (base 13) to base 15.
-33315
3935284 (base 10) to base 9
7357167
1100110120210 (base 3) to base 13
1c1916
Convert 5643754 (base 8) to base 6.
52411340
What is 4404203 (base 5) in base 6?
1341441
What is -10110001010110111000101 (base 2) in base 13?
-1286363
What is -2221010202101 (base 3) in base 9?
-2833671
Convert 103440104 (base 5) to base 14.
bacb7
-24152664 (base 8) to base 16
-50d5b4
What is 237857 (base 10) in base 12?
b5795
What is -86b02 (base 14) in base 3?
-121120010020
What is 520425 (base 6) in base 13?
15c47
1061827 (base 9) to base 14
10c761
Convert -157164 (base 8) to base 5.
-3310243
3530000 (base 7) to base 12
195075
Convert 25ad4d (base 14) to base 6.
43452133
10b607 (base 16) to base 12
449947
Convert -110241310 (base 5) to base 11.
-2a69a8
What is -1307791 (base 10) in base 6?
-44010331
Convert -10cd7 (base 16) to base 9.
-114360
Convert -112144111 (base 5) to base 12.
-204ab8
Convert -12001100 (base 4) to base 13.
-b2b8
Convert -34582 (base 14) to base 12.
-6181a
Convert 221112100012122 (base 3) to base 7.
223220504
Convert 57663 (base 14) to base 13.
75991
Convert -47520232 (base 8) to base 2.
-100111101010000010011010
Convert 21222010020201 (base 3) to base 9.
7863221
What is -1305707 (base 8) in base 16?
-58bc7
What is 2344051 (base 12) in base 16?
67e33d
What is -86018 (base 10) in base 13?
-301ca
Convert -322011 (base 7) to base 11.
-39014
What is 315033022 (base 6) in base 11?
3155848
1001011011 (base 2) to base 13
375
What is 41313400 (base 5) in base 15?
6a4d5
4133446 (base 9) to base 4
20122311021
233001321 (base 4) to base 8
570171
Convert -1310021004 (base 5) to base 4.
-30032112120
2201012012202 (base 3) to base 8
5375623
What is -2106210 (base 9) in base 4?
-10103001030
What is 896067 (base 12) in base 10?
2187727
What is c753b (base 15) in base 11?
3a2074
Convert 59a14 (base 11) to base 10.
86409
ecd31 (base 16) to base 4
3230310301
219062 (base 11) to base 3
122201110011
12985ba (base 14) to base 12
3009374
What is -375720 (base 12) in base 2?
-11011100000011001000
What is 870c8 (base 14) in base 13?
b5929
What is 122200324 (base 6) in base 14?
451c04
-bc6044 (base 13) to base 4
-100330002001
What is 1031621 (base 7) in base 15?
272be
What is 564146 (base 7) in base 3?
12002000212
-27da9 (base 16) to base 5
-20210431
What is -584176 (base 9) in base 15?
-6de19
What is 3586bb (base 12) in base 15?
121472
6657618 (base 9) to base 4
31222112213
What is 4403321 (base 6) in base 12?
a6541
3120324 (base 8) to base 7
10014561
-14823b5 (base 12) to base 8
-17653671
-223a18 (base 11) to base 16
-570fe
-140271 (base 8) to base 5
-3034322
What is -20212031130 (base 4) in base 3?
-11020111102220
100311243 (base 5) to base 7
3256403
What is 15561221 (base 7) in base 8?
5606435
What is 1463b (base 13) in base 7?
216664
What is -25101425 (base 6) in base 4?
-3003220121
What is 29467 (base 12) in base 4?
32011033
What is -1525327 (base 10) in base 3?
-2212111100121
Convert 1817a (base 16) to base 2.
11000000101111010
What is -923385 (base 10) in base 13?
-2643a8
74a25 (base 13) to base 16
33604
356432 (base 13) to base 4
10312030313
Convert -5a7a3 (base 11) to base 3.
-11102222211
What is 176986 (base 11) in base 14?
71551
Convert -40296 (base 11) to base 3.
-2222210220
What is 377872 (base 9) in base 16?
37e1a
What is 1970 (base 16) in base 13?
2c6c
What is -12075 (base 11) in base 6?
-212253
Convert 358470 (base 9) to base 10.
216171
Convert -486021 (base 9) to base 7.
-2330311
-101013052 (base 6) to base 10
-1728248
Convert 7205536 (base 8) to base 5.
441402304
11101212222 (base 3) to base 13
305ab
Convert -18eb0 (base 16) to base 3.
-12012000011
11033531 (base 7) to base 13
273362
What is 3afb4 (base 16) in base 8?
727664
Convert 22211201330 (base 4) to base 3.
12012222210212
What is 2356406 (base 8) in base 14?
12b7dc
-328308a (base 13) to base 6
-1311153434
What is -4708a3 (base 15) in base 3?
-20101102110100
2041374 (base 9) to base 8
4121165
Convert 5b56ca (base 16) to base 15.
7d3964
-1121034430 (base 5) to base 15
-34b195
What is 156ad8 (base 14) in base 10?
748518
What is 102104 (base 10) in base 15?
203be
What is 33bc (base 15) in base 6?
122453
4d7686 (base 14) to base 12
a89a06
-147789 (base 11) to base 3
-102200022221
Convert -93b5b (base 14) to base 15.
-70828
-10011101101010011110 (base 2) to base 12
-27187a
What is 706932 (base 14) in base 2?
1110011011100110000000
-32020221 (base 4) to base 7
-330540
Conve